?
78
What is the remainder when 1388187 is divided by 21033?
9
What is the remainder when 35191102 is divided by 208?
206
What is the remainder when 27014330 is divided by 231?
35
What is the remainder when 1992152 is divided by 199212?
32
What is the remainder when 25722 is divided by 2947?
2146
Calculate the remainder when 808361 is divided by 101.
58
What is the remainder when 442064 is divided by 40184?
40
What is the remainder when 138850 is divided by 1737?
1627
What is the remainder when 532722 is divided by 361?
247
What is the remainder when 34716199 is divided by 13?
11
Calculate the remainder when 12753032 is divided by 1556.
56
What is the remainder when 64684 is divided by 1012?
928
Calculate the remainder when 7488611 is divided by 3744300.
11
Calculate the remainder when 6043905 is divided by 251829.
9
What is the remainder when 412812 is divided by 528?
444
Calculate the remainder when 2304 is divided by 1528.
776
What is the remainder when 5431397 is divided by 808?
21
Calculate the remainder when 72921 is divided by 662.
101
What is the remainder when 13328571 is divided by 203?
200
What is the remainder when 4520577 is divided by 152?
97
Calculate the remainder when 18458844 is divided by 18258.
6
Calculate the remainder when 41897 is divided by 20911.
75
Calculate the remainder when 1382752 is divided by 1228.
24
Calculate the remainder when 43519084 is divided by 1833.
1831
What is the remainder when 58397030 is divided by 38?
36
Calculate the remainder when 3410428 is divided by 631.
504
Calculate the remainder when 4507989 is divided by 70.
59
What is the remainder when 2556899 is divided by 1278441?
17
Calculate the remainder when 20295 is divided by 1128.
1119
Calculate the remainder when 2399919 is divided by 5660.
79
What is the remainder when 989724 is divided by 275?
274
Calculate the remainder when 502855531 is divided by 4.
3
What is the remainder when 1429573 is divided by 4293?
4
Calculate the remainder when 23102804 is divided by 240.
164
Calculate the remainder when 5980885 is divided by 142.
129
What is the remainder when 206792 is divided by 1009?
956
What is the remainder when 11919867 is divided by 138603?
9
Calculate the remainder when 784139418 is divided by 20.
18
What is the remainder when 180888 is divided by 49?
29
Calculate the remainder when 76599 is divided by 911.
75
What is the remainder when 1175549 is divided by 891?
320
Calculate the remainder when 43669365 is divided by 10917338.
13
What is the remainder when 15985114 is divided by 2231?
2230
Calculate the remainder when 250763737 is divided by 614.
611
Calculate the remainder when 1992654 is divided by 1992612.
42
What is the remainder when 10334254 is divided by 147632?
14
What is the remainder when 2405327 is divided by 158?
93
What is the remainder when 14921888 is divided by 607?
7
What is the remainder when 166537 is divided by 445?
107
What is the remainder when 3916189 is divided by 322?
25
Calculate the remainder when 1661798 is divided by 140.
138
What is the remainder when 126651 is divided by 224?
91
What is the remainder when 19810326 is divided by 310?
86
What is the remainder when 19700 is divided by 323?
320
What is the remainder when 26626 is divided by 26338?
288
What is the remainder when 433441 is divided by 12384?
1
What is the remainder when 493190 is divided by 1499?
19
What is the remainder when 1376666 is divided by 275332?
6
What is the remainder when 37767 is divided by 1267?
1024
What is the remainder when 643218055 is divided by 514?
511
Calculate the remainder when 933119 is divided by 410.
369
What is the remainder when 40342223 is divided by 1325?
1273
What is the remainder when 1018501 is divided by 10927?
2290
What is the remainder when 762869 is divided by 2754?
11
What is the remainder when 123482 is divided by 2467?
132
What is the remainder when 61870 is divided by 2310?
1810
What is the remainder when 146167022 is divided by 3738?
8
What is the remainder when 581906748 is divided by 3625?
3623
Calculate the remainder when 9338896 is divided by 389117.
88
Calculate the remainder when 55269 is divided by 479.
184
What is the remainder when 82512 is divided by 5663?
3230
Calculate the remainder when 3440878 is divided by 3919.
3915
Calculate the remainder when 16994899 is divided by 841.
812
What is the remainder when 857923 is divided by 464?
451
What is the remainder when 1519613 is divided by 4591?
4583
What is the remainder when 29241393 is divided by 58?
55
What is the remainder when 52812 is divided by 17513?
273
Calculate the remainder when 403449 is divided by 79369.
6604
What is the remainder when 123567 is divided by 31?
1
Calculate the remainder when 117253913 is divided by 29313474.
17
What is the remainder when 1272780 is divided by 424184?
228
What is the remainder when 4112760 is divided by 100?
60
Calculate the remainder when 17770 is divided by 2529.
67
Calculate the remainder when 60514 is divided by 3072.
2146
Calculate the remainder when 283809619 is divided by 1565.
1564
What is the remainder when 7242329 is divided by 371?
38
What is the remainder when 1769179 is divided by 25640?
19
Calculate the remainder when 217089 is divided by 2167.
389
What is the remainder when 2063000 is divided by 4029?
152
Calculate the remainder when 1653215 is divided by 5547.
209
What is the remainder when 226430 is divided by 2365?
1755
What is the remainder when 153121 is divided by 260?
241
What is the remainder when 9905855 is divided by 64?
63
Calculate the remainder when 48084604 is divided by 61.
12
Calculate the remainder when 6932453 is divided by 266.
227
What is the remainder when 717176 is divided by 3415?
26
What is the remainder when 59570 is divided by 1046?
994
Calculate the remainder when 18050 is divided by 30.
20
What is the remainder when 84528 is divided by 4166?
1208
What is the remainder when 1848290 is divided by 924004?
282
What is the remainder when 14790140 is divided by 1596?
8
What is the remainder when 73378 is divided by 739?
217
Calculate the remainder when 1347866 is divided by 895.
891
Calculate the remainder when 13867503 is divided by 766.
605
Calculate the remainder when 15547747 is divided by 2637.
2632
Calculate the remainder when 11280775 is divided by 420.
415
What is the remainder when 2477422 is divided by 27224?
38
Calculate the remainder when 355457 is divided by 132.
113
Calculate the remainder when 20362529 is divided by 20362519.
10
Calculate the remainder when 3880 is divided by 1247.
139
What is the remainder when 172833646 is divided by 52?
50
Calculate the remainder when 18782056 is divided by 14605.
26
Calculate the remainder when 978064 is divided by 91.
87
Calculate the remainder when 42188822 is divided by 283.
31
Calculate the remainder when 19156059 is divided by 980.
979
What is the remainder when 109728 is divided by 538?
514
Calculate the remainder when 50832 is divided by 16941.
9
Calculate the remainder when 11861542 is divided by 12907.
9
What is the remainder when 61507454 is divided by 61507439?
15
What is the remainder when 17532174 is divided by 17532124?
50
What is the remainder when 3612174 is divided by 3612146?
28
Calculate the remainder when 950753 is divided by 237688.
1
Calculate the remainder when 1019012 is divided by 6.
2
What is the remainder when 4334329 is divided by 1416?
1369
Calculate the remainder when 12700 is divided by 3979.
763
What is the remainder when 62600 is divided by 1284?
968
Calculate the remainder when 15391990 is divided by 3328.
3318
What is the remainder when 6989 is divided by 140?
129
What is the remainder when 727498 is divided by 22043?
79
What is the remainder when 3263015 is divided by 14567?
7
What is the remainder when 4335937 is divided by 441?
25
What is the remainder when 59329018 is divided by 19?
17
What is the remainder when 339678 is divided by 390?
378
What is the remainder when 4230705 is divided by 576?
561
Calculate the remainder when 51699077 is divided by 987.
17
What is the remainder when 1576949 is divided by 394224?
53
What is the remainder when 18144115 is divided by 3002?
27
What is the remainder when 546898 is divided by 34106?
1202
What is the remainder when 209187788 is